hat is the hundreds digit of k?
3
Let u(h) = -h - 5. Let a be u(7). Let s be (1/(-2))/(6/a)*1. What is the units digit of s + (-4 - -5) + 53?
5
Let p be 68/(-85) - (-25708)/10. Suppose 0 = 3*j - 5*b - p - 975, 0 = -5*j + 5*b + 5925. What is the hundreds digit of j?
1
What is the tens digit of (-152326)/(-9) - (-360)/(-324)?
2
Let q(i) = -3*i + 19. Let g(k) = 1. Let s(d) = -2*g(d) + q(d). Let u be s(4). Suppose -u*l + 645 + 0 = 0. What is the units digit of l?
9
Suppose 0 = -6*v + 3*v - 18. Let k = -1 - v. Suppose 2*a = 63 + k. What is the tens digit of a?
3
Let t = -14285 + 20443. What is the units digit of t?
8
Let o(k) = 4*k + 16. Let i(b) = -b**3 - 5*b**2 + 2*b + 5. Let q be i(-5). Let v be o(q). What is the units digit of 0/(v - -1) - (-92)/2?
6
Let s(x) = -10*x**3 - 3*x**2 - 6*x - 31. Let v be (-13 + 10)/(2/2). What is the hundreds digit of s(v)?
2
Let c = -5916 - -16251. What is the ten thousands digit of c?
1
Let p be (6 - 12)/((-2)/1). Suppose -4*v = -p*i - 161 + 1463, 2181 = 5*i - 3*v. What is the units digit of i?
8
Let t = 0 - -3. Let a(c) = c**t + 1 + c**3 + 6*c**3. What is the units digit of a(1)?
9
Let u be (-38)/(-20) + (-9)/(-90). Suppose 8*c = u*y + 7*c - 620, 5*c = -5*y + 1520. What is the units digit of y?
8
Suppose -4*f - d + 22782 = 0, 3*f = 6*d + 19607 - 2534. What is the units digit of f?
5
Suppose -64 = -2*q + 440. Suppose -4*g = 4*i - q, -91 - 32 = -2*g - 5*i. What is the tens digit of g?
6
Suppose -31*p - 1170 = -41*p. Let a = p - -959. What is the hundreds digit of a?
0
Suppose 58*i + 16756 = 526054. What is the units digit of i?
1
Suppose -6 + 20 = -14*b. What is the thousands digit of (-4 + 35/10 - b)*2798?
1
Let n(i) = 117*i + 3046. What is the tens digit of n(-16)?
7
What is the thousands digit of (6 - 1)*-1 - 49/(931/(-46170))?
2
Suppose 108 - 1518 = -5*q. Suppose -344 = 5*v - 3*x, -3*x = 4*v - 2*x + q. Let m = v - -161. What is the units digit of m?
1
Let s be 6/(-21) - -1*32208/77. Let q = -52 + s. What is the hundreds digit of q?
3
Suppose -456*m + 1113348 = -2315772. What is the tens digit of m?
2
Let j = -117 + 119. What is the units digit of 28407/34*1/(3/j)?
7
What is the hundreds digit of (2 - 2 - 2)*41/((-369)/22086)?
9
Suppose 13*a - 51*a + 20596 = 0. What is the tens digit of a?
4
Let a(z) = -91*z + 7. Let v = 17 + -23. What is the tens digit of a(v)?
5
Suppose -4*h + 28 = -5*x, -5*h + x + 6 = 2*x. Suppose 0 = -11*l + 166 - 1. Suppose 0 = -h*w - w + l. What is the units digit of w?
5
Let p be ((-7)/4)/((-11)/44). Suppose p*x - 10*x = 12. What is the units digit of 6/1 - x/28*-7?
5
Let w(u) = -577*u - 2162. What is the ten thousands digit of w(-34)?
1
Suppose -4*n = -208*x + 212*x - 14500, -18135 = -5*x - 3*n. What is the tens digit of x?
3
Suppose 8*x + 207 + 169 = 0. Let q = x - -49. Suppose -q*k = -k - 106. What is the tens digit of k?
0
Let i be (-4636)/(-6)*(8 + 13/(-2)). Suppose -i = -3*q + 2*q. What is the units digit of q?
9
Suppose 59*m - 538344 = 256327. What is the tens digit of m?
6
Let u be 3*(11 + -2 + 1). Let n be 28/(-15) + (-4)/u. Let a = n - -55. What is the units digit of a?
3
What is the hundreds digit of (-10)/(-80) + 347383/8?
4
Let r be (-576)/216 + 2/3. Let a(f) = 269*f**2 - 3*f - 3. What is the units digit of a(r)?
9
Suppose -50*l + 8*l = -240450. What is the hundreds digit of l?
7
Suppose 0*z + 4 = 2*z. Let i = 70 - -10. Suppose 0*f - i = -z*f - 5*n, -3*f = 5*n - 110. What is the tens digit of f?
3
Suppose -36*b + 3*j - 35365 = -40*b, 5*b = 5*j + 44250. What is the units digit of b?
5
Suppose -19*q - 69231 + 6103 = -32*q. What is the tens digit of q?
5
Let q(x) = 494*x**2 + 187*x + 1582. What is the tens digit of q(-8)?
0
Let h be (14 + 1)*(-6)/(-18) - -505. Let i = h - 99. What is the tens digit of i?
1
Suppose j - t - 68 = 0, -6*j + 3*t = -8*j + 161. Let w = j - 69. What is the units digit of 2 - -34 - w/(-2)?
8
Suppose 38 = -2*b + 110. Let i = 116 - b. Let f = 11 + i. What is the tens digit of f?
9
Suppose -124*o + 1568 = -123*o - 5*v, -3*o - 2*v + 4704 = 0. What is the tens digit of o?
6
Suppose 35841 = y + 2*u, 100612 = 2*y - 5*u + 28993. What is the tens digit of y?
2
Suppose -4*m + 299453 = -3*r, 0 = -4*m - 2*r + 236660 + 62798. What is the units digit of m?
4
Suppose -1190*j = -1290*j + 6397200. What is the units digit of j?
2
Let p be (468/195)/(9/15 + 0). Suppose -2*m = p, 4*m + 1926 = 4*i - 1306. What is the tens digit of i?
0
Suppose 0 = -5*s + 4*w - 144, -4*s = -9*s - 2*w - 138. What is the tens digit of (-133)/s + -5 - 267/(-12)?
2
Let d(v) = 20*v - 113 + 65*v + 50*v - 68*v. What is the units digit of d(10)?
7
Let t(y) = -2*y**3 + 15*y**2 + 10*y - 13. Let d be t(8). What is the units digit of d + (6 - -206)*1?
5
Suppose 8*k - 10 = 3*k. Suppose -k*r = 5*t - 159, 2*r - 5*t - 175 = -46. What is the units digit of (r/(-135) + (-1)/(-5))*-3?
1
Suppose -4*z - 1296 = 3*a, 0 = 3*z + 9 - 0. What is the hundreds digit of 36/(-12) + a*(1 - 2)?
4
Let n(h) = 3*h + 31. Let m be n(-9). Suppose b + 7 = 3*d - 24, m*b - 20 = -4*d. Suppose 0 = d*q - 13*q + 560. What is the tens digit of q?
4
Let l(q) = 60452*q**2 + 55*q + 48. What is the ten thousands digit of l(-1)?
6
Suppose -4*j = 11*b - 446821, 268*j - 266*j + 162508 = 4*b. What is the hundreds digit of b?
6
Let j(u) = 2130*u + 257. What is the tens digit of j(3)?
4
Let x(w) be the first derivative of 2*w**5/15 - 5*w**4/24 - 10*w**3/3 + 21. Let y(q) be the third derivative of x(q). What is the units digit of y(4)?
9
Suppose 0 = 4*l + g - 4107, 3*l + 261 = -4*g + 3351. Suppose -4*u - l + 8274 = 0. What is the tens digit of u?
1
Let m(f) = f + 121. Suppose 3*a + 70 - 25 = 0. Let g = a + 15. What is the tens digit of m(g)?
2
Let y(l) = 20*l**2 - 367*l - 4900. What is the units digit of y(-13)?
1
Suppose -5*f + 105187 = -55813 + 13810. What is the thousands digit of f?
9
Let v = -1816 - -1972. Let p be ((-9)/(-6))/(1/(-4)). Let b = p + v. What is the tens digit of b?
5
Let o(a) = -a**3 + 15*a**2 - 50*a - 7. Let u be o(5). Let g(w) = -45*w + 218. What is the units digit of g(u)?
3
Suppose 5*b - 5*k - 5 = 0, -5*k + 6*k = 4. Suppose a = -3*g - 5 - 3, 5*g = b*a - 40. What is the hundreds digit of (g/3)/(3875/(-645) - -6)?
1
Let h(i) = -i + 5. Suppose 0 = 3*v - 5*s - 4, -2*s + 28 - 11 = 5*v. Let w be h(v). Suppose 6*j = w*j + 276. What is the units digit of j?
9
Let p be ((-6)/4)/(3/(-1266)). Suppose -b - p = -i - 227, -3*i - b + 1222 = 0. What is the tens digit of i?
0
Let h(s) = -s**3 + 3*s**2 + 166*s - 123. What is the ten thousands digit of h(-25)?
1
Let b = -29248 + 46273. What is the thousands digit of b?
7
Suppose 17*h - 143 = -58. Let b(n) = 218*n - 71. What is the units digit of b(h)?
9
Let f(b) = -b**3 - 27*b**2 + 14*b - 23. Let v be f(-27). Let r = 584 + v. What is the units digit of r?
3
Let p(i) = 18*i**3 - 2*i + 1. Let z be (-4)/(-2)*(-4 - (2 - 5)). Let l be p(z). Let f = l - -258. What is the hundreds digit of f?
1
Let n = -44708 + 73526. What is the ten thousands digit of n?
2
Let u(c) = c**2 + 15*c + 45. Let x be u(-14). Suppose -22*a + x*a = 4428. What is the tens digit of a?
9
Let t = -174 + 202. What is the units digit of t/(-35) - (-3 + 1/5)?
2
Let p be ((-213)/(-142))/((4/2)/(-844)). What is the tens digit of (10/5)/((-2)/p)?
3
Suppose -6*i = 9 + 39. Let z be (3/(-6) + 4/i)*5. Let p(a) = -a**2 - 8*a - 1. What is the units digit of p(z)?
4
Suppose 0 = 65*g - 547252 + 213022. What is the hundreds digit of g?
1
Let a = 110 - 111. Let i be (224/4 + a)*-1. Let p = i - -176. What is the tens digit of p?
2
Suppose -10*t = -7*t + 6. Let s be 1*t + (-14 - -10). What is the units digit of 428/s*(-30)/20?
7
What is the tens digit of ((-26)/(-4))/((-14)/(-5320))?
7
Let i(f) = f**3 - 8*f**2 - 10*f + 11. Let c be i(9). Suppose l - 70 = c. Suppose 4*g = 2*h + l, -9*g = -5*g - 4*h - 80. What is the tens digit of g?
1
Suppose 0 = -f + 2*f - 19. Suppose 0 = p - 2*l + 56, 0 = -30*p + 25*p + 2*l - 248. Let u = f - p. What is the units digit of u?
7
Suppose -115 - 20 = 15*d. What is the tens digit of ((-16812)/7)/(-4) - d/(-21)?
0
Let f(c) = -c - 40. Let j(v) = 4*v + 119. Let h(k) = -8*f(k) - 3*j(k). Let z be h(-8). Let s(w) = 4*w**2 - 15*w. What is the hundreds digit of s(z)?
1
Let w(a) = 23*a - 27*a + 32 - 38*a. What is the unit